{"id":29,"date":"2023-10-15T15:15:12","date_gmt":"2023-10-15T13:15:12","guid":{"rendered":"https:\/\/greenfactor.fr\/?page_id=29"},"modified":"2023-10-28T18:58:10","modified_gmt":"2023-10-28T16:58:10","slug":"presentation","status":"publish","type":"page","link":"https:\/\/www.greenfactor.fr\/index.php\/presentation\/","title":{"rendered":"SERVICES"},"content":{"rendered":"\n<p style=\"font-size:22px;font-style:normal;font-weight:500\">Chez&nbsp;<strong>Greenfactor<\/strong>, nous sommes fiers de la diversit\u00e9 et de la qualit\u00e9 des services que nous offrons. Nos services comprennent, sans limitations :<\/p>\n\n\n\n<ul style=\"font-size:22px;font-style:normal;font-weight:500\">\n<li style=\"font-size:22px;font-style:normal;font-weight:500\"><strong>Cr\u00e9ation de plans et mod\u00e9lisation 3D<\/strong>&nbsp;: Nous transformons vos id\u00e9es en r\u00e9alit\u00e9 avec des plans d\u00e9taill\u00e9s et des mod\u00e8les 3D pr\u00e9cis.<\/li>\n\n\n\n<li style=\"font-size:22px;font-style:normal;font-weight:500\"><strong>Am\u00e9nagement paysager complet<\/strong>&nbsp;: De la conception \u00e0 la r\u00e9alisation, nous cr\u00e9ons des jardins qui refl\u00e8tent votre style et r\u00e9pondent \u00e0 vos besoins.<\/li>\n\n\n\n<li style=\"font-size:22px;font-style:normal;font-weight:500\"><strong>Installation d\u2019arrosage automatique<\/strong>&nbsp;: Nous installons des syst\u00e8mes d\u2019arrosage automatique pour maintenir votre jardin en bonne sant\u00e9 et r\u00e9duire votre consommation d\u2019eau.<\/li>\n\n\n\n<li style=\"font-size:22px;font-style:normal;font-weight:500\"><strong>Cr\u00e9ation de terrasses et abris de jardin en bois<\/strong>&nbsp;: Nous construisons des terrasses et des abris de jardin en bois durables et esth\u00e9tiques.<\/li>\n\n\n\n<li style=\"font-size:22px;font-style:normal;font-weight:500\"><strong>Entretien de jardin<\/strong>&nbsp;: Nous offrons un service d\u2019entretien complet pour garder votre jardin en parfait \u00e9tat tout au long de l\u2019ann\u00e9e.<\/li>\n\n\n\n<li style=\"font-size:22px;font-style:normal;font-weight:500\"><strong>\u00c9lagage<\/strong>&nbsp;: Nos experts en \u00e9lagage garantissent la sant\u00e9 et la beaut\u00e9 de vos arbres tout en assurant la s\u00e9curit\u00e9 de votre propri\u00e9t\u00e9.<\/li>\n<\/ul>\n\n\n\n<p style=\"font-size:22px;font-style:normal;font-weight:500\">Chaque service est r\u00e9alis\u00e9 avec un souci du d\u00e9tail et un engagement envers la qualit\u00e9. Nous utilisons des m\u00e9thodes respectueuses de l\u2019environnement dans tous nos travaux .<\/p>\n\n\n\n<p style=\"font-size:22px;font-style:normal;font-weight:500\"><a href=\"https:\/\/greenfactor.fr\/index.php\/contact\/\" data-type=\"page\" data-id=\"67\">Contactez&nbsp;<strong>Greenfactor<\/strong><\/a>&nbsp;d\u00e8s aujourd\u2019hui pour d\u00e9couvrir comment nous pouvons transformer votre espace ext\u00e9rieur.<\/p>\n\n\n\n<hr class=\"wp-block-separator has-alpha-channel-opacity\"\/>\n\n\n\n<div style=\"height:134px\" aria-hidden=\"true\" class=\"wp-block-spacer\"><\/div>\n","protected":false},"excerpt":{"rendered":"<p>Chez&nbsp;Greenfactor, nous sommes fiers de la diversit\u00e9 et de la qualit\u00e9 des services que nous offrons. Nos services comprennent, sans limitations : Chaque service est r\u00e9alis\u00e9 avec un souci du d\u00e9tail et un engagement envers la qualit\u00e9. Nous utilisons des m\u00e9thodes respectueuses de l\u2019environnement dans tous nos travaux . Contactez&nbsp;Greenfactor&nbsp;d\u00e8s aujourd\u2019hui pour d\u00e9couvrir comment nous [&hellip;]<\/p>\n","protected":false},"author":1,"featured_media":0,"parent":0,"menu_order":0,"comment_status":"closed","ping_status":"closed","template":"","meta":{"footnotes":""},"_links":{"self":[{"href":"https:\/\/www.greenfactor.fr\/index.php\/wp-json\/wp\/v2\/pages\/29"}],"collection":[{"href":"https:\/\/www.greenfactor.fr\/index.php\/wp-json\/wp\/v2\/pages"}],"about":[{"href":"https:\/\/www.greenfactor.fr\/index.php\/wp-json\/wp\/v2\/types\/page"}],"author":[{"embeddable":true,"href":"https:\/\/www.greenfactor.fr\/index.php\/wp-json\/wp\/v2\/users\/1"}],"replies":[{"embeddable":true,"href":"https:\/\/www.greenfactor.fr\/index.php\/wp-json\/wp\/v2\/comments?post=29"}],"version-history":[{"count":15,"href":"https:\/\/www.greenfactor.fr\/index.php\/wp-json\/wp\/v2\/pages\/29\/revisions"}],"predecessor-version":[{"id":421,"href":"https:\/\/www.greenfactor.fr\/index.php\/wp-json\/wp\/v2\/pages\/29\/revisions\/421"}],"wp:attachment":[{"href":"https:\/\/www.greenfactor.fr\/index.php\/wp-json\/wp\/v2\/media?parent=29"}],"curies":[{"name":"wp","href":"https:\/\/api.w.org\/{rel}","templated":true}]}}