{"id":80,"date":"2023-10-15T16:25:09","date_gmt":"2023-10-15T14:25:09","guid":{"rendered":"https:\/\/greenfactor.fr\/?page_id=80"},"modified":"2023-10-28T18:58:22","modified_gmt":"2023-10-28T16:58:22","slug":"systemes-darrosage-automatiques","status":"publish","type":"page","link":"https:\/\/www.greenfactor.fr\/index.php\/systemes-darrosage-automatiques\/","title":{"rendered":"SYST\u00c8MES D&rsquo;ARROSAGE AUTOMATIQUES"},"content":{"rendered":"\n<p style=\"font-size:22px;font-style:normal;font-weight:500\">Chez Greenfactor, nous sommes experts dans la cr\u00e9ation de syst\u00e8mes d\u2019arrosage automatiques.<\/p>\n\n\n\n<p style=\"font-size:22px;font-style:normal;font-weight:500\"> Avec plus de 10 ans d\u2019exp\u00e9rience dans le domaine, nous avons d\u00e9velopp\u00e9 une expertise unique pour concevoir des syst\u00e8mes d\u2019arrosage qui sont \u00e0 la fois efficaces et respectueux de l\u2019environnement. Nous comprenons que chaque jardin est unique et n\u00e9cessite une solution d\u2019arrosage sur mesure. <\/p>\n\n\n\n<p style=\"font-size:22px;font-style:normal;font-weight:500\"> Nos syst\u00e8mes d\u2019arrosage automatiques sont con\u00e7us pour \u00e9conomiser l\u2019eau, r\u00e9duire les co\u00fbts et garantir \u00e0 plantes  la bonne quantit\u00e9 d\u2019eau au bon moment. <\/p>\n\n\n\n<p style=\"font-size:22px;font-style:normal;font-weight:500\">En investissant dans un syst\u00e8me d\u2019arrosage automatique, vous contribuez non seulement \u00e0 la sant\u00e9 et \u00e0 la beaut\u00e9 de votre jardin, mais aussi \u00e0 la pr\u00e9servation de notre pr\u00e9cieuse ressource en eau.<\/p>\n\n\n\n<hr class=\"wp-block-separator has-alpha-channel-opacity\"\/>\n","protected":false},"excerpt":{"rendered":"<p>Chez Greenfactor, nous sommes experts dans la cr\u00e9ation de syst\u00e8mes d\u2019arrosage automatiques. Avec plus de 10 ans d\u2019exp\u00e9rience dans le domaine, nous avons d\u00e9velopp\u00e9 une expertise unique pour concevoir des syst\u00e8mes d\u2019arrosage qui sont \u00e0 la fois efficaces et respectueux de l\u2019environnement. Nous comprenons que chaque jardin est unique et n\u00e9cessite une solution d\u2019arrosage sur [&hellip;]<\/p>\n","protected":false},"author":1,"featured_media":0,"parent":0,"menu_order":0,"comment_status":"closed","ping_status":"closed","template":"","meta":{"footnotes":""},"_links":{"self":[{"href":"https:\/\/www.greenfactor.fr\/index.php\/wp-json\/wp\/v2\/pages\/80"}],"collection":[{"href":"https:\/\/www.greenfactor.fr\/index.php\/wp-json\/wp\/v2\/pages"}],"about":[{"href":"https:\/\/www.greenfactor.fr\/index.php\/wp-json\/wp\/v2\/types\/page"}],"author":[{"embeddable":true,"href":"https:\/\/www.greenfactor.fr\/index.php\/wp-json\/wp\/v2\/users\/1"}],"replies":[{"embeddable":true,"href":"https:\/\/www.greenfactor.fr\/index.php\/wp-json\/wp\/v2\/comments?post=80"}],"version-history":[{"count":4,"href":"https:\/\/www.greenfactor.fr\/index.php\/wp-json\/wp\/v2\/pages\/80\/revisions"}],"predecessor-version":[{"id":422,"href":"https:\/\/www.greenfactor.fr\/index.php\/wp-json\/wp\/v2\/pages\/80\/revisions\/422"}],"wp:attachment":[{"href":"https:\/\/www.greenfactor.fr\/index.php\/wp-json\/wp\/v2\/media?parent=80"}],"curies":[{"name":"wp","href":"https:\/\/api.w.org\/{rel}","templated":true}]}}